
Is 40789625647 prime?
False
Is 4553626643 prime?
True
Is 1984121173 a composite number?
False
Is 43594060871 prime?
False
Is 4769405779 a composite number?
True
Is 566226673 prime?
False
Is 114967759 a composite number?
True
Is 383970014 prime?
False
Is 17330977759 a composite number?
False
Is 18076998923 composite?
True
Is 2660597117 prime?
True
Is 1179392363 prime?
False
Is 57351131 a composite number?
False
Is 4369383211 composite?
False
Is 62151803591 a prime number?
True
Is 72260830333 a composite number?
False
Is 421665559 prime?
False
Is 996981127 a composite number?
True
Is 4258105265 a composite number?
True
Is 722422138289 a prime number?
True
Is 86721806777 a prime number?
False
Is 7977714557 a composite number?
False
Is 8157367685 a composite number?
True
Is 2655593803 a composite number?
False
Is 16350814301 a composite number?
False
Is 415248293 a prime number?
False
Is 89094278231 a composite number?
True
Is 682946191 prime?
True
Is 1307418299 prime?
False
Is 82640719433 prime?
False
Is 2866304509 a composite number?
True
Is 2288789947 a prime number?
True
Is 262108774 a prime number?
False
Is 2934601909 prime?
False
Is 4562274022 a prime number?
False
Is 1548525743 composite?
False
Is 5208345143 composite?
False
Is 42657738169 prime?
False
Is 8081117419 a prime number?
True
Is 595608877 composite?
True
Is 6948039503 composite?
False
Is 3310916527 a prime number?
False
Is 20829834439 composite?
False
Is 3768380339 a prime number?
True
Is 21367155191 a composite number?
True
Is 248548637 a prime number?
False
Is 464971277 a composite number?
True
Is 1512905587 composite?
True
Is 1560110623 a prime number?
True
Is 3469042741 a composite number?
True
Is 13429073731 prime?
False
Is 2283884671 composite?
True
Is 3923616911 prime?
False
Is 8760738643 composite?
False
Is 38362215022 a prime number?
False
Is 898842871 prime?
True
Is 26036158219 a prime number?
False
Is 67840475819 a composite number?
False
Is 495640291 composite?
True
Is 16887548089 prime?
True
Is 552300799 composite?
False
Is 40587023683 a prime number?
True
Is 4705709903 a prime number?
True
Is 732072307 prime?
False
Is 23241111643 composite?
True
Is 2013397171 prime?
False
Is 22313449183 a composite number?
True
Is 1329744901 a prime number?
True
Is 242653223091 composite?
True
Is 3650502473 a composite number?
True
Is 305088221 composite?
True
Is 2552349773 a composite number?
True
Is 18677913731 composite?
True
Is 45459007585 prime?
False
Is 204999802577 prime?
False
Is 692943098 a composite number?
True
Is 5582086619 prime?
True
Is 975818183 a composite number?
True
Is 269721341 composite?
True
Is 13652569979 a composite number?
False
Is 331574027 a prime number?
True
Is 984397793 composite?
True
Is 8424319261 a prime number?
True
Is 66692305817 a composite number?
False
Is 468911423 prime?
False
Is 8963574259 a prime number?
True
Is 51609393427 a prime number?
False
Is 66886289251 prime?
False
Is 2449698898 a composite number?
True
Is 748103413 composite?
False
Is 5262194927 composite?
True
Is 2712785099 a prime number?
True
Is 188905713 a composite number?
True
Is 13252326371 a prime number?
False
Is 229450917151 a composite number?
False
Is 12732343373 a prime number?
False
Is 248718778291 composite?
True
Is 882366923 a prime number?
False
Is 1093151407 composite?
False
Is 5612291241 a prime number?
False
Is 71868140057 composite?
True
Is 5033464862 a composite number?
True
Is 21313813501 a composite number?
True
Is 19565057038 a composite number?
True
Is 9874388393 composite?
True
Is 546203629 prime?
True
Is 392966803 a prime number?
True
Is 33747591067 a prime number?
False
Is 30826373 a prime number?
False
Is 6956220857 a prime number?
False
Is 27377959033 prime?
True
Is 633021107 a prime number?
False
Is 1821610691 prime?
True
Is 4579667069 prime?
False
Is 120870559 composite?
True
Is 193378777 a composite number?
False
Is 13451891993 a composite number?
False
Is 7739677087 a composite number?
True
Is 52377544133 a prime number?
True
Is 2285551397 composite?
False
Is 115964341 prime?
True
Is 81522927367 a composite number?
True
Is 1646962147 composite?
False
Is 29219877083 a composite number?
True
Is 1585749719 a prime number?
False
Is 6824492747 a composite number?
False
Is 2266397894 a composite number?
True
Is 13128972569 composite?
False
Is 735786301 prime?
True
Is 2005477121 a composite number?
False
Is 15048457 prime?
True
Is 153136073159 prime?
False
Is 13712983091 a composite number?
False
Is 8782661891 composite?
False
Is 212313601 a prime number?
False
Is 935898958 a prime number?
False
Is 19474027649 a composite number?
False
Is 817956311 prime?
True
Is 151763869 composite?
False
Is 22573693481 prime?
False
Is 689291921 composite?
False
Is 20925571721 composite?
False
Is 488372063 a prime number?
False
Is 174537497 a composite number?
True
Is 1919030447 prime?
True
Is 25675111529 prime?
False
Is 621491074 composite?
True
Is 80189645479 composite?
False
Is 844840729 a prime number?
True
Is 14101344089 a composite number?
True
Is 73163729 a composite number?
False
Is 6154351177 a composite number?
True
Is 47879154847 a prime number?
False
Is 59974583791 prime?
True
Is 14509061137 a composite number?
True
Is 2688339973 prime?
False
Is 1733137339 a composite number?
True
Is 153250102141 a prime number?
False
Is 17634805459 a composite number?
False
Is 29310732079 prime?
True
Is 852127291 a composite number?
False
Is 637956391 composite?
True
Is 84129363011 prime?
True
Is 1532646803 composite?
False
Is 18560099 prime?
True
Is 2804060251 a composite number?
True
Is 37989211301 composite?
False
Is 3658725237 composite?
True
Is 1540068245 composite?
True
Is 22481809567 prime?
False
Is 4338337139 prime?
False
Is 21999946391 prime?
True
Is 751172041 prime?
False
Is 682153201 prime?
False
Is 13695235639 composite?
True
Is 85251696641 a prime number?
True
Is 826327609 composite?
True
Is 458892449 a prime number?
False
Is 106684517579 a composite number?
False
Is 2177849471 composite?
True
Is 5602149743 a prime number?
True
Is 3176302601 composite?
False
Is 1107075323 prime?
False
Is 1184531503 a prime number?
False
Is 3243092179 a prime number?
True
Is 169267667131 composite?
True
Is 5565602249 prime?
True
Is 93172565326 a prime number?
False
Is 40218925733 composite?
True
Is 19847171893 a prime number?
True
Is 477384263 prime?
True
Is 109554781289 a prime number?
True
Is 14731191947 a composite number?
False
Is 706060601 prime?
False
Is 16598691253 composite?
False
Is 801277969 composite?
False
Is 38558728579 prime?
False
Is 1309915163 prime?
True
Is 5378509967 a composite number?
False
Is 587525507 prime?
True
Is 25835627861 a prime number?
False
Is 47522668189 prime?
False
Is 172257641 prime?
False
Is 2569229107 composite?
False
Is 6900506777 composite?
True
Is 2881145587 prime?
False
Is 2770530431 composite?
False
Is 10132057337 a composite number?
False
Is 6462191167 a prime number?
False
Is 105541976117 a prime number?
False
Is 5344090417 prime?
True
Is 78825889145 prime?
False
Is 855829883 composite?
False
Is 144400472717 prime?
True
Is 254621771 a composite number?
False
Is 59925337541 composite?
True
Is 7729250189 prime?
True
Is 52535965309 composite?
False
Is 492594331 composite?
False
Is 3377845309 prime?
True
Is 2245637441 composite?
True
Is 2349267985 composite?
True
Is 4012675669 a prime number?
True
Is 864506921 composite?
False
Is 1983600139 a composite number?
False
Is 17531238589 a composite number?
True
Is 49759164811 composite?
True
Is 229289 a composite number?
True
Is 2538156281 a composite number?
True
Is 124067609 prime?
True
Is 562414546 a prime number?
False
Is 232997207 composite?
False
Is 310353331 a composite number?
True
Is 73445042519 a composite number?
True
Is 2298272399 prime?
True
Is 9936943063 a composite number?
False
Is 52191765551 composite?
True
Is 110761691 composite?
False
Is 16085341217 a composite number?
True
Is 4506674446 prime?
False
Is 12942835393 prime?
False
Is 1826331581 a prime number?
False
Is 516114187 composite?
True
Is 832179641 prime?
True
Is 265217531 composite?
True
Is 227605121 a prime number?
False
Is 1223011771 prime?
False
Is 3996434671 a composite number?
False
Is 20552471831 prime?
False
